{"id":16,"date":"2015-04-23T13:29:13","date_gmt":"2015-04-23T12:29:13","guid":{"rendered":"http:\/\/histoirehaitimontreal.espaceweb.usherbrooke.ca\/histoire\/?page_id=16"},"modified":"2015-04-23T16:28:47","modified_gmt":"2015-04-23T15:28:47","slug":"un-mot-a-propos-de-ce-site","status":"publish","type":"page","link":"https:\/\/histoirehaitimontreal.espaceweb.usherbrooke.ca\/histoire\/","title":{"rendered":"Un mot \u00e0 propos de ce site"},"content":{"rendered":"<figure id=\"attachment_62\" aria-describedby=\"caption-attachment-62\" style=\"width: 604px\" class=\"wp-caption aligncenter\"><a href=\"https:\/\/histoirehaitimontreal.espaceweb.usherbrooke.ca\/histoire\/wp-content\/uploads\/2015\/04\/Drapeaux-Haiti-Quebec_PLD_20120828_002.1000-604x401.jpg\"><img loading=\"lazy\" decoding=\"async\" class=\"size-full wp-image-62\" src=\"https:\/\/histoirehaitimontreal.espaceweb.usherbrooke.ca\/histoire\/wp-content\/uploads\/2015\/04\/Drapeaux-Haiti-Quebec_PLD_20120828_002.1000-604x401.jpg\" alt=\"Cr\u00e9dits photo: Pierre-Luc Daoust\" width=\"604\" height=\"401\" srcset=\"https:\/\/histoirehaitimontreal.espaceweb.usherbrooke.ca\/histoire\/wp-content\/uploads\/2015\/04\/Drapeaux-Haiti-Quebec_PLD_20120828_002.1000-604x401.jpg 604w, https:\/\/histoirehaitimontreal.espaceweb.usherbrooke.ca\/histoire\/wp-content\/uploads\/2015\/04\/Drapeaux-Haiti-Quebec_PLD_20120828_002.1000-604x401-300x199.jpg 300w\" sizes=\"auto, (max-width: 604px) 100vw, 604px\" \/><\/a><figcaption id=\"caption-attachment-62\" class=\"wp-caption-text\">Cr\u00e9dits photo: Pierre-Luc Daoust<\/figcaption><\/figure>\n<p style=\"text-align: left;\">Chers visiteurs,<\/p>\n<p>Bienvenu sur cette page web. Vous avez sous les yeux les r\u00e9sultats du projet personnel d\u2019une \u00e9tudiante au baccalaur\u00e9at en histoire \u00e0 l\u2019Universit\u00e9 de Sherbrooke, r\u00e9alis\u00e9 dans le cadre du cours HST 128 Stage, pratique et exp\u00e9rimentation. Ce projet est n\u00e9 de mon int\u00e9r\u00eat envers l\u2019histoire de la communaut\u00e9 ha\u00eftienne de Montr\u00e9al, sujet que je souhaite explorer plus en profondeur d\u00e8s l\u2019an prochain au cours d\u2019\u00e9tudes \u00e0 la ma\u00eetrise. Puisque mes connaissances sont toujours assez limit\u00e9es sur ce sujet, j\u2019ai voulu effectuer un r\u00e9capitulatif de l\u2019histoire de cette communaut\u00e9 tout en donnant aux r\u00e9sultats de mes recherches la forme d&rsquo;un site internet facile d&rsquo;acc\u00e8s. Il s\u2019agit \u00e9galement pour moi d\u2019une premi\u00e8re tentative d\u2019utilisation de <em>WordPress<\/em>, qui avait pour but de me familiariser avec cet outil informatique.<\/p>\n<p>&nbsp;<\/p>\n<p>Dans les pages qui suivent, vous trouverez un r\u00e9sum\u00e9, sous la forme d\u2019une ligne du temps, des dates importantes dans l\u2019histoire de la communaut\u00e9 ha\u00eftienne de la m\u00e9tropole du Qu\u00e9bec, ainsi que quelques articles qui aborderont plus en profondeur certains de ces moments phares. Vous remarquerez peut-\u00eatre le fil conducteur qui s\u2019est impos\u00e9 de lui-m\u00eame au moment d\u2019\u00e9taler les r\u00e9sultats de mes recherches, c&rsquo;est-\u00e0-dire l\u2019existence d\u2019une double dynamique d\u2019inclusion et d\u2019exclusion des ha\u00eftiens au sein de la soci\u00e9t\u00e9 qu\u00e9b\u00e9coise, \u00e0 partir de la premi\u00e8re grande vague d\u2019immigration dans les ann\u00e9es 50-60.<\/p>\n<p>&nbsp;<\/p>\n<p>Je vous remercie de l&rsquo;int\u00e9r\u00eat que vous portez envers cet humble projet. Vos commentaires sont les bienvenus pour am\u00e9liorer ce site.<\/p>\n<p>&nbsp;<\/p>\n<p>&nbsp;<\/p>\n<p>Camille Gauthier<\/p>\n<p>\u00c9tudiante au baccalaur\u00e9at en histoire \u00e0 l&rsquo;Universit\u00e9 de Sherbrooke<\/p>\n<p><a href=\"https:\/\/histoirehaitimontreal.espaceweb.usherbrooke.ca\/histoire\/wp-content\/uploads\/2015\/04\/usherbrooke.jpg\"><img loading=\"lazy\" decoding=\"async\" class=\"aligncenter size-full wp-image-67\" src=\"https:\/\/histoirehaitimontreal.espaceweb.usherbrooke.ca\/histoire\/wp-content\/uploads\/2015\/04\/usherbrooke.jpg\" alt=\"usherbrooke\" width=\"2019\" height=\"345\" srcset=\"https:\/\/histoirehaitimontreal.espaceweb.usherbrooke.ca\/histoire\/wp-content\/uploads\/2015\/04\/usherbrooke.jpg 2019w, https:\/\/histoirehaitimontreal.espaceweb.usherbrooke.ca\/histoire\/wp-content\/uploads\/2015\/04\/usherbrooke-300x51.jpg 300w, https:\/\/histoirehaitimontreal.espaceweb.usherbrooke.ca\/histoire\/wp-content\/uploads\/2015\/04\/usherbrooke-1024x175.jpg 1024w\" sizes=\"auto, (max-width: 2019px) 100vw, 2019px\" \/><\/a><\/p>\n","protected":false},"excerpt":{"rendered":"<p>Chers visiteurs, Bienvenu sur cette page web. Vous avez sous les yeux les r\u00e9sultats du projet personnel d\u2019une \u00e9tudiante au baccalaur\u00e9at en histoire \u00e0 l\u2019Universit\u00e9 de Sherbrooke, r\u00e9alis\u00e9 dans le cadre du cours HST 128 Stage, pratique et exp\u00e9rimentation. Ce projet est n\u00e9 de mon int\u00e9r\u00eat envers l\u2019histoire de la communaut\u00e9 ha\u00eftienne de Montr\u00e9al, sujet &hellip; <a href=\"https:\/\/histoirehaitimontreal.espaceweb.usherbrooke.ca\/histoire\/\" class=\"more-link\">Continuer la lecture de <span class=\"screen-reader-text\">Un mot \u00e0 propos de ce site<\/span><\/a><\/p>\n","protected":false},"author":1,"featured_media":0,"parent":0,"menu_order":1,"comment_status":"open","ping_status":"closed","template":"","meta":{"footnotes":""},"class_list":["post-16","page","type-page","status-publish","hentry"],"_links":{"self":[{"href":"https:\/\/histoirehaitimontreal.espaceweb.usherbrooke.ca\/histoire\/index.php?rest_route=\/wp\/v2\/pages\/16","targetHints":{"allow":["GET"]}}],"collection":[{"href":"https:\/\/histoirehaitimontreal.espaceweb.usherbrooke.ca\/histoire\/index.php?rest_route=\/wp\/v2\/pages"}],"about":[{"href":"https:\/\/histoirehaitimontreal.espaceweb.usherbrooke.ca\/histoire\/index.php?rest_route=\/wp\/v2\/types\/page"}],"author":[{"embeddable":true,"href":"https:\/\/histoirehaitimontreal.espaceweb.usherbrooke.ca\/histoire\/index.php?rest_route=\/wp\/v2\/users\/1"}],"replies":[{"embeddable":true,"href":"https:\/\/histoirehaitimontreal.espaceweb.usherbrooke.ca\/histoire\/index.php?rest_route=%2Fwp%2Fv2%2Fcomments&post=16"}],"version-history":[{"count":7,"href":"https:\/\/histoirehaitimontreal.espaceweb.usherbrooke.ca\/histoire\/index.php?rest_route=\/wp\/v2\/pages\/16\/revisions"}],"predecessor-version":[{"id":70,"href":"https:\/\/histoirehaitimontreal.espaceweb.usherbrooke.ca\/histoire\/index.php?rest_route=\/wp\/v2\/pages\/16\/revisions\/70"}],"wp:attachment":[{"href":"https:\/\/histoirehaitimontreal.espaceweb.usherbrooke.ca\/histoire\/index.php?rest_route=%2Fwp%2Fv2%2Fmedia&parent=16"}],"curies":[{"name":"wp","href":"https:\/\/api.w.org\/{rel}","templated":true}]}}

Un mot à propos de ce site

<figure id="attachment_62" aria-describedby="caption-attachment-62" style="width: 604px" class="wp-caption aligncenter"><a href="https://histoirehaitimontreal.espaceweb.usherbrooke.ca/histoire/wp-content/uploads/2015/04/Drapeaux-Haiti-Quebec_PLD_20120828_002.1000-604x401.jpg"><img loading="lazy" decoding="async" class="size-full wp-image-62" src="https://histoirehaitimontreal.espaceweb.usherbrooke.ca/histoire/wp-content/uploads/2015/04/Drapeaux-Haiti-Quebec_PLD_20120828_002.1000-604x401.jpg" alt="Crédits photo: Pierre-Luc Daoust" width="604" height="401" srcset="https://histoirehaitimontreal.espaceweb.usherbrooke.ca/histoire/wp-content/uploads/2015/04/Drapeaux-Haiti-Quebec_PLD_20120828_002.1000-604x401.jpg 604w, https://histoirehaitimontreal.espaceweb.usherbrooke.ca/histoire/wp-content/uploads/2015/04/Drapeaux-Haiti-Quebec_PLD_20120828_002.1000-604x401-300x199.jpg 300w" sizes="auto, (max-width: 604px) 100vw, 604px" /></a><figcaption id="caption-attachment-62" class="wp-caption-text">Crédits photo: Pierre-Luc Daoust</figcaption></figure>
<p style="text-align: left;">Chers visiteurs,</p>
<p>Bienvenu sur cette page web. Vous avez sous les yeux les résultats du projet personnel d’une étudiante au baccalauréat en histoire à l’Université de Sherbrooke, réalisé dans le cadre du cours HST 128 Stage, pratique et expérimentation. Ce projet est né de mon intérêt envers l’histoire de la communauté haïtienne de Montréal, sujet que je souhaite explorer plus en profondeur dès l’an prochain au cours d’études à la maîtrise. Puisque mes connaissances sont toujours assez limitées sur ce sujet, j’ai voulu effectuer un récapitulatif de l’histoire de cette communauté tout en donnant aux résultats de mes recherches la forme d&rsquo;un site internet facile d&rsquo;accès. Il s’agit également pour moi d’une première tentative d’utilisation de <em>WordPress</em>, qui avait pour but de me familiariser avec cet outil informatique.</p>
<p>&nbsp;</p>
<p>Dans les pages qui suivent, vous trouverez un résumé, sous la forme d’une ligne du temps, des dates importantes dans l’histoire de la communauté haïtienne de la métropole du Québec, ainsi que quelques articles qui aborderont plus en profondeur certains de ces moments phares. Vous remarquerez peut-être le fil conducteur qui s’est imposé de lui-même au moment d’étaler les résultats de mes recherches, c&rsquo;est-à-dire l’existence d’une double dynamique d’inclusion et d’exclusion des haïtiens au sein de la société québécoise, à partir de la première grande vague d’immigration dans les années 50-60.</p>
<p>&nbsp;</p>
<p>Je vous remercie de l&rsquo;intérêt que vous portez envers cet humble projet. Vos commentaires sont les bienvenus pour améliorer ce site.</p>
<p>&nbsp;</p>
<p>&nbsp;</p>
<p>Camille Gauthier</p>
<p>Étudiante au baccalauréat en histoire à l&rsquo;Université de Sherbrooke</p>
<p><a href="https://histoirehaitimontreal.espaceweb.usherbrooke.ca/histoire/wp-content/uploads/2015/04/usherbrooke.jpg"><img loading="lazy" decoding="async" class="aligncenter size-full wp-image-67" src="https://histoirehaitimontreal.espaceweb.usherbrooke.ca/histoire/wp-content/uploads/2015/04/usherbrooke.jpg" alt="usherbrooke" width="2019" height="345" srcset="https://histoirehaitimontreal.espaceweb.usherbrooke.ca/histoire/wp-content/uploads/2015/04/usherbrooke.jpg 2019w, https://histoirehaitimontreal.espaceweb.usherbrooke.ca/histoire/wp-content/uploads/2015/04/usherbrooke-300x51.jpg 300w, https://histoirehaitimontreal.espaceweb.usherbrooke.ca/histoire/wp-content/uploads/2015/04/usherbrooke-1024x175.jpg 1024w" sizes="auto, (max-width: 2019px) 100vw, 2019px" /></a></p>

<p>Chers visiteurs, Bienvenu sur cette page web. Vous avez sous les yeux les résultats du projet personnel d’une étudiante au baccalauréat en histoire à l’Université de Sherbrooke, réalisé dans le cadre du cours HST 128 Stage, pratique et expérimentation. Ce projet est né de mon intérêt envers l’histoire de la communauté haïtienne de Montréal, sujet &hellip; <a href="https://histoirehaitimontreal.espaceweb.usherbrooke.ca/histoire/" class="more-link">Continuer la lecture de <span class="screen-reader-text">Un mot à propos de ce site</span></a></p>
